{"id":94,"date":"2018-07-09T09:58:55","date_gmt":"2018-07-09T09:58:55","guid":{"rendered":"http:\/\/wp.notare-rabl-gassen.de\/?page_id=94"},"modified":"2023-11-23T08:51:19","modified_gmt":"2023-11-23T08:51:19","slug":"unser-team","status":"publish","type":"page","link":"https:\/\/notare-rabl-gassen.de\/?page_id=94","title":{"rendered":"Unser Team"},"content":{"rendered":"\n<figure class=\"wp-block-image size-large\"><img loading=\"lazy\" decoding=\"async\" width=\"1024\" height=\"768\" src=\"https:\/\/notare-rabl-gassen.de\/wp-content\/uploads\/2023\/11\/P1010209-1024x768.jpg\" alt=\"\" class=\"wp-image-437\" srcset=\"https:\/\/notare-rabl-gassen.de\/wp-content\/uploads\/2023\/11\/P1010209-1024x768.jpg 1024w, https:\/\/notare-rabl-gassen.de\/wp-content\/uploads\/2023\/11\/P1010209-300x225.jpg 300w, https:\/\/notare-rabl-gassen.de\/wp-content\/uploads\/2023\/11\/P1010209-768x576.jpg 768w, https:\/\/notare-rabl-gassen.de\/wp-content\/uploads\/2023\/11\/P1010209-1536x1152.jpg 1536w, https:\/\/notare-rabl-gassen.de\/wp-content\/uploads\/2023\/11\/P1010209-2048x1536.jpg 2048w\" sizes=\"auto, (max-width: 1024px) 100vw, 1024px\" \/><figcaption>Das Notariatsteam (November 2023)<\/figcaption><\/figure>\n\n\n\n<p>v.l.n.r.: <br>Frau Lena Richter (Notarfachreferentin) <br>Frau Cinzia Barresi (Notarfachangestellte, Empfang)<br>Frau Martina Larisch (Notarfachangestellte)<br>Herr Martin Schneider (Notarfachangestellter) <br>Frau Leonie Stolze (stud. Hilfskraft)<br>Notar Dr. Albert Rabl <br>Frau Lisa Wirtz (Notarfachangestellte, Empfang)<br>Frau Simone N\u00f6cker (Notarfachassistentin)<br>Frau Yvonne Veit (Notarfachangestellte, Empfang)<br>Notar Dr. Dominik Gassen<br>Herr Norbert Klein (Notarfachangestellter)<br>Frau Monika Hombeul (Notarfachangestellte)<br>Herr Lennart Stellmach (stud. Hilfskraft)<br>Frau Melanie Braun (Notarfachreferentin)<\/p>\n\n\n\n<p>Die Mitarbeiter und Mitarbeiterinnen des B\u00fcros sind freundlich, hochqualifiziert und erfahren. Sie freuen sich, sie bei ihren Anliegen unterst\u00fctzen zu k\u00f6nnen.<\/p>\n\n\n\n<p><\/p>\n\n\n\n<p><\/p>\n","protected":false},"excerpt":{"rendered":"<p>v.l.n.r.: Frau Lena Richter (Notarfachreferentin) Frau Cinzia Barresi (Notarfachangestellte, Empfang)Frau Martina Larisch (Notarfachangestellte)Herr Martin Schneider (Notarfachangestellter) Frau Leonie Stolze (stud. Hilfskraft)Notar Dr. Albert Rabl Frau Lisa Wirtz (Notarfachangestellte, Empfang)Frau Simone N\u00f6cker (Notarfachassistentin)Frau Yvonne Veit (Notarfachangestellte, Empfang)Notar Dr. Dominik GassenHerr Norbert Klein (Notarfachangestellter)Frau Monika Hombeul (Notarfachangestellte)Herr Lennart Stellmach (stud. Hilfskraft)Frau Melanie Braun (Notarfachreferentin) Die Mitarbeiter und <a class=\"more-link\" href=\"https:\/\/notare-rabl-gassen.de\/?page_id=94\">weiterlesen&#8230;<\/a><\/p>\n","protected":false},"author":1,"featured_media":194,"parent":0,"menu_order":0,"comment_status":"closed","ping_status":"closed","template":"","meta":{"footnotes":""},"class_list":["post-94","page","type-page","status-publish","has-post-thumbnail","hentry"],"_links":{"self":[{"href":"https:\/\/notare-rabl-gassen.de\/index.php?rest_route=\/wp\/v2\/pages\/94","targetHints":{"allow":["GET"]}}],"collection":[{"href":"https:\/\/notare-rabl-gassen.de\/index.php?rest_route=\/wp\/v2\/pages"}],"about":[{"href":"https:\/\/notare-rabl-gassen.de\/index.php?rest_route=\/wp\/v2\/types\/page"}],"author":[{"embeddable":true,"href":"https:\/\/notare-rabl-gassen.de\/index.php?rest_route=\/wp\/v2\/users\/1"}],"replies":[{"embeddable":true,"href":"https:\/\/notare-rabl-gassen.de\/index.php?rest_route=%2Fwp%2Fv2%2Fcomments&post=94"}],"version-history":[{"count":11,"href":"https:\/\/notare-rabl-gassen.de\/index.php?rest_route=\/wp\/v2\/pages\/94\/revisions"}],"predecessor-version":[{"id":442,"href":"https:\/\/notare-rabl-gassen.de\/index.php?rest_route=\/wp\/v2\/pages\/94\/revisions\/442"}],"wp:featuredmedia":[{"embeddable":true,"href":"https:\/\/notare-rabl-gassen.de\/index.php?rest_route=\/wp\/v2\/media\/194"}],"wp:attachment":[{"href":"https:\/\/notare-rabl-gassen.de\/index.php?rest_route=%2Fwp%2Fv2%2Fmedia&parent=94"}],"curies":[{"name":"wp","href":"https:\/\/api.w.org\/{rel}","templated":true}]}}