{"id":305,"date":"2018-07-10T07:04:15","date_gmt":"2018-07-10T07:04:15","guid":{"rendered":"http:\/\/wp.notare-rabl-gassen.de\/?page_id=305"},"modified":"2018-07-10T07:06:02","modified_gmt":"2018-07-10T07:06:02","slug":"notarkosten","status":"publish","type":"page","link":"https:\/\/notare-rabl-gassen.de\/?page_id=305","title":{"rendered":"Notarkosten"},"content":{"rendered":"<p class=\"bodytext\">Das Beauftragen eines Notars ist oft gar nicht so teuer, wie Sie vielleicht denken. Dies liegt insbesondere daran, dass der Notar neben den Geb\u00fchren der Beurkundung keine weiteren Kosten f\u00fcr die Beratung und die Erstellung des Entwurfs der Urkunde erhebt &#8211; ganz gleich wie kompliziert und umfangreich die Urkunde ist.<\/p>\n<h4>Geb\u00fchrensystem<\/h4>\n<p class=\"bodytext\">Notare erheben f\u00fcr ihre T\u00e4tigkeit Geb\u00fchren nach einem gesetzlich festgelegten sozialen Geb\u00fchrensystem, das sich ausschlie\u00dflich nach dem Gesch\u00e4ftswert der Angelegenheit richtet. Der Gesetzgeber hat sich f\u00fcr dieses Geb\u00fchrensystem entschieden, weil es den Beteiligten eine Reihe von Vorteilen bietet:<\/p>\n<ul>\n<li>Da sich die Kosten nach der wirtschaftlichen Bedeutung des Gesch\u00e4fts bemessen, ist auch bei Angelegenheiten mit geringem Gesch\u00e4ftswert sichergestellt, dass die Notarkosten nicht au\u00dfer Verh\u00e4ltnis zum wirtschaftlichen Wert des Rechtsgesch\u00e4ftes stehen.<\/li>\n<li>Da es nicht auf die Komplexit\u00e4t und den Umfang einer Angelegenheit oder auf die vom Notar aufgewandte Arbeitszeit ankommt, kann Ihnen Ihr Notar schon vor der Beauftragung die endg\u00fcltigen Kosten einer geplanten Beurkundung mitteilen. Die Notarkosten sind daher transparent und berechenbar.<\/li>\n<li>Die Beratung und der Entwurf der Urkunde sind mit der Geb\u00fchr f\u00fcr die Beurkundung abgegolten, unabh\u00e4ngig davon, wie kompliziert oder beratungsintensiv eine Angelegenheit ist.<\/li>\n<li>Die gleiche Leistung kostet bei jedem Notar das Gleiche. Der Notar darf weder h\u00f6here noch niedrigere Geb\u00fchren als die gesetzlich festgesetzten in Rechnung stellen.<\/li>\n<li>Die Richtigkeit der Kostenrechnungen des Notars wird regelm\u00e4\u00dfig staatlich \u00fcberpr\u00fcft.<\/li>\n<\/ul>\n<p class=\"bodytext\">\u00dcber die zu erwartenden Kosten gibt Ihnen Ihr Notar gerne Auskunft &#8211; z\u00f6gern Sie nicht, ihn vor der Beurkundung hierauf anzusprechen.<\/p>\n","protected":false},"excerpt":{"rendered":"<p>Das Beauftragen eines Notars ist oft gar nicht so teuer, wie Sie vielleicht denken. Dies liegt insbesondere daran, dass der Notar neben den Geb\u00fchren der Beurkundung keine weiteren Kosten f\u00fcr die Beratung und die Erstellung des Entwurfs der Urkunde erhebt &#8211; ganz gleich wie kompliziert und umfangreich die Urkunde ist. Geb\u00fchrensystem Notare erheben f\u00fcr ihre <a class=\"more-link\" href=\"https:\/\/notare-rabl-gassen.de\/?page_id=305\">weiterlesen&#8230;<\/a><\/p>\n","protected":false},"author":1,"featured_media":0,"parent":299,"menu_order":3,"comment_status":"closed","ping_status":"closed","template":"","meta":{"footnotes":""},"class_list":["post-305","page","type-page","status-publish","hentry"],"_links":{"self":[{"href":"https:\/\/notare-rabl-gassen.de\/index.php?rest_route=\/wp\/v2\/pages\/305","targetHints":{"allow":["GET"]}}],"collection":[{"href":"https:\/\/notare-rabl-gassen.de\/index.php?rest_route=\/wp\/v2\/pages"}],"about":[{"href":"https:\/\/notare-rabl-gassen.de\/index.php?rest_route=\/wp\/v2\/types\/page"}],"author":[{"embeddable":true,"href":"https:\/\/notare-rabl-gassen.de\/index.php?rest_route=\/wp\/v2\/users\/1"}],"replies":[{"embeddable":true,"href":"https:\/\/notare-rabl-gassen.de\/index.php?rest_route=%2Fwp%2Fv2%2Fcomments&post=305"}],"version-history":[{"count":1,"href":"https:\/\/notare-rabl-gassen.de\/index.php?rest_route=\/wp\/v2\/pages\/305\/revisions"}],"predecessor-version":[{"id":306,"href":"https:\/\/notare-rabl-gassen.de\/index.php?rest_route=\/wp\/v2\/pages\/305\/revisions\/306"}],"up":[{"embeddable":true,"href":"https:\/\/notare-rabl-gassen.de\/index.php?rest_route=\/wp\/v2\/pages\/299"}],"wp:attachment":[{"href":"https:\/\/notare-rabl-gassen.de\/index.php?rest_route=%2Fwp%2Fv2%2Fmedia&parent=305"}],"curies":[{"name":"wp","href":"https:\/\/api.w.org\/{rel}","templated":true}]}}