{"id":121,"date":"2018-07-04T14:20:54","date_gmt":"2018-07-04T14:20:54","guid":{"rendered":"http:\/\/wp.notare-rabl-gassen.de\/?page_id=121"},"modified":"2026-03-26T08:49:48","modified_gmt":"2026-03-26T08:49:48","slug":"home-2","status":"publish","type":"page","link":"https:\/\/notare-rabl-gassen.de\/","title":{"rendered":"Startseite"},"content":{"rendered":"\n<h4 class=\"wp-block-heading\">Willkommen auf unserer Webseite&#8230;<\/h4>\n\n\n\n<p>&#8230;wo sie eine Reihe von n\u00fctzlichen Informationen zu unserem B\u00fcro, den Notaren und ihren Mitarbeitern sowie dem Beruf des Notars im Allgemeinen finden k\u00f6nnen.<\/p>\n\n\n<div class=\"wp-block-image\">\n<figure class=\"alignleft\"><img loading=\"lazy\" decoding=\"async\" width=\"300\" height=\"200\" src=\"http:\/\/wp.notare-rabl-gassen.de\/wp-content\/uploads\/2018\/07\/024_Notariat-Rabl-Gassen-300x200.jpg\" alt=\"\" class=\"wp-image-178\" srcset=\"https:\/\/notare-rabl-gassen.de\/wp-content\/uploads\/2018\/07\/024_Notariat-Rabl-Gassen-300x200.jpg 300w, https:\/\/notare-rabl-gassen.de\/wp-content\/uploads\/2018\/07\/024_Notariat-Rabl-Gassen-768x512.jpg 768w, https:\/\/notare-rabl-gassen.de\/wp-content\/uploads\/2018\/07\/024_Notariat-Rabl-Gassen-1024x683.jpg 1024w, https:\/\/notare-rabl-gassen.de\/wp-content\/uploads\/2018\/07\/024_Notariat-Rabl-Gassen.jpg 1500w\" sizes=\"auto, (max-width: 300px) 100vw, 300px\" \/><\/figure>\n<\/div>\n\n\n<p>Die Notare Dr. Rabl und Dr. Gassen f\u00fchren ein&nbsp; traditionsreiches Bonner Notariat mit einem hochqualifizierten und motivierten Team. In allen Bereichen der notariellen T\u00e4tigkeit (Immobilien\/Liegenschaften, Familien- und Erbrecht, Gesellschaftsrecht, Vereinsrecht) stehen wir Ihnen gerne mit Rat und Tat zur Seite.<\/p>\n\n\n\n<h5 class=\"wp-block-heading\">&nbsp;<\/h5>\n\n\n\n<h2 class=\"wp-block-heading\">Wir suchen Verst\u00e4rkung f\u00fcr unser Team<\/h2>\n\n\n\n<p>Aktuell sind wir auf der Suche nach&nbsp;freundlichen und kompetenten Mitarbeitern zur Verst\u00e4rkung unseres Teams. Wir bieten ein angenehmes und stabiles Arbeitsumfeld im Herzen der Bonner Museumsmeile und freuen uns \u00fcber aussagekr\u00e4ftige Bewerbungen. <\/p>\n\n\n\n<p>Aktuell suchen wir besonders Mitarbeiter\/innen (m\/w\/d) mit einer abgeschlossenen Ausbildung als Notarfachangestellte\/r (gerne mit einschl\u00e4gigen Fortbildungen\/weiteren Qualifikationen), die uns im Bereich <strong>Gesellschaftsrecht <\/strong>unterst\u00fctzen k\u00f6nnen. Wir freuen uns aber auch \u00fcber qualifizierte Bewerber mit Schwerpunkt im Bereich <strong>Immobilienrecht<\/strong>.<\/p>\n\n\n\n<h2 class=\"wp-block-heading\">Ausbildungsplatz frei f\u00fcr das Ausbildungsjahr 2026\/2027<\/h2>\n\n\n\n<p>F\u00fcr das kommende Ausbildungsjahr suchen wir einen\/eine Auszubildende\/n als f\u00fcr den Beruf des\/der Notarfachangestellte\/n.<\/p>\n\n\n\n<p>Sie suchen einen Beruf, in dem sie in einem B\u00fcroumfeld interessante und (mit zunehmender Erfahrung) anspruchsvolle Aufgaben \u00fcbernehmen und selbst\u00e4ndig Kunden in wichtigen Lebenssituatione begleiten? Sie sind sorgf\u00e4ltig und in der Lage strukturiert und methodisch zu arbeiten? Dann ist der Beruf m\u00f6glicherweise das Richtige f\u00fcr sie. <\/p>\n\n\n\n<p>Weitere Informationen zu Berufsbild und Ausbildungsgang finden sie auf den Seiten der Rheinischen Notarkammer: <a href=\"https:\/\/www.rhnotk.de\/ausbildung\">https:\/\/www.rhnotk.de\/ausbildung<\/a>.<\/p>\n\n\n\n<p>Wenn sie Interesse haben, kontaktieren sie uns telefonisch oder schreiben sie uns eine E-Mail mit ihren Berwebungsunterlagen an info@notare-rg.de.<\/p>\n\n\n<h4>Online-Beurkundung im Gesellschaftsrecht<\/h4>\n<p>Seit dem Jahr 2023 erlaubt der Gesetzgeber, bestimmte notarielle Vorg\u00e4nge im Bereich des Gesellschaftsrechts im Wege des Online-Verfahrens zu beurkunden. Hierzu geh\u00f6ren insbesondere die Bargr\u00fcndung von GmbHs und UGs und eine Vielzahl von Registeranmeldungen. In diesen F\u00e4llen ist es f\u00fcr die Beteiligten dann nicht notwendig, pers\u00f6nlich im B\u00fcro des Notars zu erscheinen.<\/p>\n\n\n<p>Wichtig f\u00fcr die Teilnahme an einem solchen Verfahren ist es insbesondere, dass auf Seiten der Mandanten die technischen Voraussetzungen vorhanden sind. Eine Vielzahl von Informationen zu den Details des Verfahrens findet sich auf <a href=\"https:\/\/online-verfahren.notar.de\/ov\/faq\">dieser Webseite<\/a>.<\/p>\n\n\n<p>Unser B\u00fcro verf\u00fcgt \u00fcber Erfahrung bei der Durchf\u00fchrung solcher Online-Verfahren und f\u00fchrt dieses regelm\u00e4\u00dfig durch. Bitte beachten Sie jedoch, dass f\u00fcr die Zust\u00e4ndigkeit des Notars f\u00fcr das Verfahren ein r\u00e4umlicher Bezug zum Amtsbereich gegeben sein muss &#8211; z.B. der Sitz der Gesellschaft oder der Wohnsitz eines Beteiligten.<\/p>\n<p>F\u00fcr den Einstieg in das Verfahren sollten Sie die <a href=\"https:\/\/online-verfahren.notar.de\">Webseite der Bundesnotarkammer zu Online-Verfahren<\/a> nutzen. Sollten Sie Fragen haben, k\u00f6nnen Sie uns dazu gerne kontaktieren.<\/p>\n<\/p>\n<h5>Gesetzes\u00e4nderung zum Recht der GbR &#8211; besonders relevant f\u00fcr grundbesitzhaltende Gesellschaften<\/h5>\n<p>Zum 1.1.2024 tritt das sog. MOPEG ( Gesetz zur Modernisierung des Personengesellschaftsrechts) in Kraft. Es beinhaltet verschiedene \u00c4nderungen, die f\u00fcr die Praxis des Grundst\u00fccksrechts von gro\u00dfer Relevanz sind. Die Form der Gesellschaft b\u00fcrgerlichen Rechts geh\u00f6rt zu den beliebtesten Gesellschaftsformen f\u00fcr das Halten von Grundbesitz durch mehrere Personen &#8211; insbesondere im Bereich der privaten Verm\u00f6gensverwaltung. In der Grundbuchpraxis war damit immer schon die Problematik verbunden, Eintragungen mit Blick auf den flexiblen Gesellschafterkreis rechtssicher zu gestalten.\u00a0<\/p>\n<p>Um an dieser Stelle mehr Rechtssicherheit zu schaffen, hat der Gesetzgeber entschieden, f\u00fcr GbRs, die am Rechtsverkehr teilnehmen (inbesondere solche, die Anteile an Personen- oder Kapitalgesellschaften oder Grundbesitz halten) ein neues Register zu schaffen, in dem Gesellschafter und Vertretungsverh\u00e4ltnisse eingetragen werden. Die Situation \u00e4hnelt nach der Reform der der Offenen Handelsgesellschaft (OHG).<\/p>\n<p>Mit der Einf\u00fchrung des Registers ist kein unmittelbarer Zwang zur Eintragung von bestehenden Gesellschaften verbunden, allerdings werden zuk\u00fcnftige Transaktionen (z.B. Verk\u00e4ufe, Belastungen, \u00c4nderungen im Gesellschafterkreis) nur noch vollzogen, nachdem die Eintragung in das Register erfolgt ist. Hier sollten die Beteiligten solcher Gesellschaften fr\u00fchzeitig die hiermit verbundenen Aufw\u00e4nde und Kosten planen, da die Eintragung und Grundbuchberichtigung Zeit in Anspruch nehmen werden.<\/p>\n<p>Weitere Informationen zu diesem Thema finden sie <a href=\"https:\/\/notare-rabl-gassen.de\/?p=443\">hier<\/a>.<\/p>\n<h5>Grundbuchausz\u00fcge beim Notar<\/h5>\n<p>Seit einiger Zeit ist es m\u00f6glich, Grundbuchausz\u00fcge auch \u00fcber den Notar zu beziehen, auch wenn dieser keinen aktuellen Auftrag zur Beurkundung erh\u00e4lt. Der Abruf ist kostenpflichtig.<\/p>\n<p>F\u00fcr die Ausz\u00fcge beim Notar gelten jedoch die gleichen Regeln wie auch sonst: Nicht jedermann darf das Grundbuch einsehen, er muss ein rechtlich anerkanntes \u201eberechtigtes Interesse\u201c haben\u00a0<a href=\"http:\/\/www.gesetze-im-internet.de\/gbo\/__12.html\">(\u00a7 12 Abs. 1 GBO<\/a>), n\u00e4here Informationen\u00a0<a href=\"http:\/\/rnotk.de\/pressemitteilung?view=detail&amp;id=6bbd6017-4149-4545-871d-924785bce98d\">hier<\/a>.<\/p>\n<p>Hier bitte die Pressemitteilung einf\u00fcgen. Der Notar muss dieses Interesse anhand von vorgelegten Nachweisen \u00fcberpr\u00fcfen, bevor er den Auszug herausgeben darf. Der einfachste Weg hierzu ist es, sich vom Eigent\u00fcmer eine Vollmacht erteilen zu lassen. Ein Muster hierf\u00fcr finden Sie\u00a0<a href=\"http:\/\/wp.notare-rabl-gassen.de\/wp-content\/uploads\/2020\/10\/Grundbuchvollmacht.pdf\">hier<\/a>.<\/p>\n<p>Nicht jeder Notar hat Zugriff auf die Grundbuchabfrage in s\u00e4mtlichen Bundesl\u00e4ndern. Sie sollten sich telefonisch erkundigen, ob dies m\u00f6glich ist, ansonsten ist es besser, sich an einen Notar in der Region des betreffenden Objektes zu wenden. In unserem Notariat k\u00f6nnen wir Grundbuchausz\u00fcge aus Nordrhein-Westfalen, Rheinland-Pfalz und Hessen zur Verf\u00fcgung stellen.<\/p>\n<p>\u00a0<img loading=\"lazy\" decoding=\"async\" class=\"alignnone wp-image-338 \" src=\"http:\/\/wp.notare-rabl-gassen.de\/wp-content\/uploads\/2018\/09\/English-Language-Flag-1-icon.png\" alt=\"\" width=\"62\" height=\"62\" srcset=\"https:\/\/notare-rabl-gassen.de\/wp-content\/uploads\/2018\/09\/English-Language-Flag-1-icon.png 256w, https:\/\/notare-rabl-gassen.de\/wp-content\/uploads\/2018\/09\/English-Language-Flag-1-icon-150x150.png 150w, https:\/\/notare-rabl-gassen.de\/wp-content\/uploads\/2018\/09\/English-Language-Flag-1-icon-200x200.png 200w\" sizes=\"auto, (max-width: 62px) 100vw, 62px\" \/>\u00a0<a href=\"http:\/\/wp.notare-rabl-gassen.de\/?page_id=99\">Information in English<\/a><\/p>\n\n\n<p><\/p>\n","protected":false},"excerpt":{"rendered":"<p>Willkommen auf unserer Webseite&#8230; &#8230;wo sie eine Reihe von n\u00fctzlichen Informationen zu unserem B\u00fcro, den Notaren und ihren Mitarbeitern sowie dem Beruf des Notars im Allgemeinen finden k\u00f6nnen. Die Notare Dr. Rabl und Dr. Gassen f\u00fchren ein&nbsp; traditionsreiches Bonner Notariat mit einem hochqualifizierten und motivierten Team. In allen Bereichen der notariellen T\u00e4tigkeit (Immobilien\/Liegenschaften, Familien- und <a class=\"more-link\" href=\"https:\/\/notare-rabl-gassen.de\/\">weiterlesen&#8230;<\/a><\/p>\n","protected":false},"author":1,"featured_media":178,"parent":0,"menu_order":0,"comment_status":"closed","ping_status":"closed","template":"","meta":{"footnotes":""},"class_list":["post-121","page","type-page","status-publish","has-post-thumbnail","hentry"],"_links":{"self":[{"href":"https:\/\/notare-rabl-gassen.de\/index.php?rest_route=\/wp\/v2\/pages\/121","targetHints":{"allow":["GET"]}}],"collection":[{"href":"https:\/\/notare-rabl-gassen.de\/index.php?rest_route=\/wp\/v2\/pages"}],"about":[{"href":"https:\/\/notare-rabl-gassen.de\/index.php?rest_route=\/wp\/v2\/types\/page"}],"author":[{"embeddable":true,"href":"https:\/\/notare-rabl-gassen.de\/index.php?rest_route=\/wp\/v2\/users\/1"}],"replies":[{"embeddable":true,"href":"https:\/\/notare-rabl-gassen.de\/index.php?rest_route=%2Fwp%2Fv2%2Fcomments&post=121"}],"version-history":[{"count":34,"href":"https:\/\/notare-rabl-gassen.de\/index.php?rest_route=\/wp\/v2\/pages\/121\/revisions"}],"predecessor-version":[{"id":491,"href":"https:\/\/notare-rabl-gassen.de\/index.php?rest_route=\/wp\/v2\/pages\/121\/revisions\/491"}],"wp:featuredmedia":[{"embeddable":true,"href":"https:\/\/notare-rabl-gassen.de\/index.php?rest_route=\/wp\/v2\/media\/178"}],"wp:attachment":[{"href":"https:\/\/notare-rabl-gassen.de\/index.php?rest_route=%2Fwp%2Fv2%2Fmedia&parent=121"}],"curies":[{"name":"wp","href":"https:\/\/api.w.org\/{rel}","templated":true}]}}