{"id":120,"date":"2018-07-04T14:20:54","date_gmt":"2018-07-04T14:20:54","guid":{"rendered":"http:\/\/wp.notare-rabl-gassen.de\/?page_id=120"},"modified":"2018-07-10T06:58:58","modified_gmt":"2018-07-10T06:58:58","slug":"about","status":"publish","type":"page","link":"https:\/\/notare-rabl-gassen.de\/?page_id=120","title":{"rendered":"Links"},"content":{"rendered":"<p><a href=\"http:\/\/www.notare-rg.de\/www.bnotk.de\" target=\"_blank\" rel=\"noopener\">Bundesnotarkammer<\/a><\/p>\n<p><a href=\"http:\/\/www.deutsche-notarauskunft.de\/\" target=\"_blank\" rel=\"noopener\">Deutsches Notarverzeichnis<\/a><br \/>\n<a href=\"http:\/\/www.rhnotk.de\/\" target=\"_blank\" rel=\"noopener\">Rheinische Notarkammer<\/a><br \/>\n<a href=\"http:\/\/www.dnoti.de\" target=\"_blank\" rel=\"noopener\">Deutsches Notarinstitut<\/a><br \/>\n<a href=\"http:\/\/www.dnotv.de\">Deutscher Notarverein<\/a><br \/>\n<a href=\"http:\/\/www.vorsorgeregister.de\/\" target=\"_blank\" rel=\"noopener\">Zentrales Vorsorgeregister der Bundesnotarkammer<\/a><br \/>\n<a href=\"http:\/\/www.testamentsregister.de\/\" target=\"_blank\" rel=\"noopener\">Zentrales Testamentsregister<\/a><br \/>\n<a href=\"http:\/\/www.lg-bonn.nrw.de\/\" target=\"_blank\" rel=\"noopener\">Landgericht Bonn<\/a><br \/>\n<a href=\"http:\/\/www.ag-bonn.nrw.de\/\" target=\"_blank\" rel=\"noopener\">Amtsgericht Bonn<\/a><br \/>\n<a href=\"http:\/\/www.bonn.de\/umwelt_gesundheit_planen_bauen_wohnen\/kataster_und_vermessungen\/index.html?lang=de\">Stadt Bonn &#8211; Kastasteramt<\/a><\/p>\n<p><a href=\"http:\/\/www.justiz.de\/\" target=\"_blank\" rel=\"noopener\">Justizportal Bund und L\u00e4nder<\/a><br \/>\n<a href=\"http:\/\/www.handelsregister.de\/\" target=\"_blank\" rel=\"noopener\">Handelsregister<\/a>\u00a0(bundesweites Portal)<br \/>\n<a href=\"http:\/\/www.unternehmensregister.de\/\" target=\"_blank\" rel=\"noopener\">Unternehmensregister<\/a><br \/>\n<a href=\"http:\/\/www.handelsregisterbekanntmachungen.de\/\" target=\"_blank\" rel=\"noopener\">Handelsregisterbekanntmachungen<\/a><br \/>\n<a href=\"http:\/\/www.insolvenzbekanntmachungen.de\/\" target=\"_blank\" rel=\"noopener\">Insolvenzbekanntmachungen<\/a><\/p>\n<p><a href=\"http:\/\/www.gesetze-im-internet.de\/\" target=\"_blank\" rel=\"noopener\">Gesetzestexte im Internet<\/a><br \/>\n<a href=\"http:\/\/www.notare.bayern.de\/fileadmin\/files\/media\/notar\/Broschuere_7.pdf\">Merkblatt der Landesnotarkammer Bayern zu Bautr\u00e4gervertr\u00e4gen<\/a>\u00a0(PDF)<\/p>\n<p><a href=\"http:\/\/www.notaries-directory.eu\/\" target=\"_blank\" rel=\"noopener\">Europ\u00e4isches Notarverzeichnis<\/a><br \/>\nEurop\u00e4ische Rechtsinformationen zu:<\/p>\n<ul>\n<li><a href=\"http:\/\/www.buyingmyhome.eu\/\" target=\"_blank\" rel=\"noopener\">Grundst\u00fcckskauf<\/a><\/li>\n<li><a href=\"http:\/\/www.coupleseurope.eu\/de\/home\" target=\"_blank\" rel=\"noopener\">Eherecht<\/a><\/li>\n<li><a href=\"http:\/\/www.successions-europe.eu\/\" target=\"_blank\" rel=\"noopener\">Erbrecht<\/a><\/li>\n<li><a href=\"http:\/\/www.the-vulnerable.eu\/\" target=\"_blank\" rel=\"noopener\">Betreuung und Vorsorgevollmachten<\/a><\/li>\n<\/ul>\n<p>&nbsp;<\/p>\n","protected":false},"excerpt":{"rendered":"<p>Bundesnotarkammer Deutsches Notarverzeichnis Rheinische Notarkammer Deutsches Notarinstitut Deutscher Notarverein Zentrales Vorsorgeregister der Bundesnotarkammer Zentrales Testamentsregister Landgericht Bonn Amtsgericht Bonn Stadt Bonn &#8211; Kastasteramt Justizportal Bund und L\u00e4nder Handelsregister\u00a0(bundesweites Portal) Unternehmensregister Handelsregisterbekanntmachungen Insolvenzbekanntmachungen Gesetzestexte im Internet Merkblatt der Landesnotarkammer Bayern zu Bautr\u00e4gervertr\u00e4gen\u00a0(PDF) Europ\u00e4isches Notarverzeichnis Europ\u00e4ische Rechtsinformationen zu: Grundst\u00fcckskauf Eherecht Erbrecht Betreuung und Vorsorgevollmachten &nbsp;<\/p>\n","protected":false},"author":1,"featured_media":0,"parent":0,"menu_order":0,"comment_status":"closed","ping_status":"closed","template":"","meta":{"footnotes":""},"class_list":["post-120","page","type-page","status-publish","hentry"],"_links":{"self":[{"href":"https:\/\/notare-rabl-gassen.de\/index.php?rest_route=\/wp\/v2\/pages\/120","targetHints":{"allow":["GET"]}}],"collection":[{"href":"https:\/\/notare-rabl-gassen.de\/index.php?rest_route=\/wp\/v2\/pages"}],"about":[{"href":"https:\/\/notare-rabl-gassen.de\/index.php?rest_route=\/wp\/v2\/types\/page"}],"author":[{"embeddable":true,"href":"https:\/\/notare-rabl-gassen.de\/index.php?rest_route=\/wp\/v2\/users\/1"}],"replies":[{"embeddable":true,"href":"https:\/\/notare-rabl-gassen.de\/index.php?rest_route=%2Fwp%2Fv2%2Fcomments&post=120"}],"version-history":[{"count":3,"href":"https:\/\/notare-rabl-gassen.de\/index.php?rest_route=\/wp\/v2\/pages\/120\/revisions"}],"predecessor-version":[{"id":297,"href":"https:\/\/notare-rabl-gassen.de\/index.php?rest_route=\/wp\/v2\/pages\/120\/revisions\/297"}],"wp:attachment":[{"href":"https:\/\/notare-rabl-gassen.de\/index.php?rest_route=%2Fwp%2Fv2%2Fmedia&parent=120"}],"curies":[{"name":"wp","href":"https:\/\/api.w.org\/{rel}","templated":true}]}}